= m - 25, -3*m + j - 55 = -7*m. Let u = 22 + -14. What is the remainder when m is divided by u?
5
Let y(b) = b**3 + 9*b**2 - 11*b + 7. Calculate the remainder when 65 is divided by y(-10).
14
Suppose -d = -5*g + 4, 5*d - 1 = d + 3*g. Let w = -7 + d. What is the remainder when 11 is divided by 4*-2*w/8?
5
Let d = 13 + -7. Calculate the remainder when 9 is divided by d.
3
Suppose -z + 3*z - 6 = 0. Suppose 0*r - z*r + 15 = 0. What is the remainder when 9 is divided by r?
4
Let f = 34 + -16. Calculate the remainder when 35 is divided by f.
17
Suppose 3*d - 2*m - 234 = -d, 0 = 4*d - 3*m - 229. Let z = 54 + -33. What is the remainder when d is divided by z?
19
Let f(z) = -2*z**3 + 25*z**2 - 10*z - 17. What is the remainder when 82 is divided by f(12)?
5
Let s be 2/(-1) - (-2 + 1). Suppose -3*g + 6*g = 87. Calculate the remainder when g is divided by 1 + s - 20/(-2).
9
Let q = -8 + 15. What is the remainder when q is divided by 2?
1
Let p = 354 - 227. Suppose -3*l - 146 = -5*k, 6*k - p = 2*k - l. Suppose -3*q + 18 + 15 = 0. What is the remainder when k is divided by q?
9
What is the remainder when (-1716)/(-54) - 4/(-18) is divided by 11?
10
Let f(x) = 41*x - 2. Let i be f(5). Suppose r = -5*g + 65, 0*g - i = -4*r - g. What is the remainder when r is divided by 26?
24
Suppose w + 25 = 6*w. Suppose 0 = -g + w + 4. What is the remainder when 25 is divided by g?
7
Suppose 0 = -5*x + 4*x + 14. Let v(k) = -k**3 + 5*k**2 - 4*k + 2. Let c be v(3). Let f = x - c. Calculate the remainder when 16 is divided by f.
4
Let f(k) = 5*k**3 - 5*k**2 + 20*k + 6. Let i(b) = -4*b**3 + 6*b**2 - 19*b - 6. Let x(h) = 5*f(h) + 6*i(h). What is the remainder when x(-12) is divided by 10?
8
Suppose 0 = 3*t - 0*t - 18. What is the remainder when t is divided by 3?
0
Let p = 68 + -27. What is the remainder when p is divided by 15?
11
Let h(f) = -f**3 + 5*f**2 + 3*f - 6. Let u be h(5). Suppose 3*q - 54 = -15. What is the remainder when 111*1*3/u is divided by q?
11
Suppose 0 = -4*n + 2*n + 52. Let p(b) = b**3 + b + 17. Let q be p(0). Let k = -8 + q. Calculate the remainder when n is divided by k.
8
Let s = 58 + -81. Let j = s + 39. What is the remainder when 46 is divided by j?
14
Let v = 34 - 19. Calculate the remainder when v is divided by 6.
3
Suppose 0 = -d + 2*n + 13, d + 5*n + 40 = 5*d. Suppose 0 = i - d + 3. Calculate the remainder when 5 is divided by i.
1
Let b(h) = 3*h - 50. Let u(p) = 25*p**3 - p + 1. Calculate the remainder when u(1) is divided by b(19).
4
Suppose 177 = 5*s - 4*m, s - 2*m = 5*s - 152. Calculate the remainder when s is divided by 10.
7
Let p = -9 + 22. Let v(a) = 3*a**2 + 8*a - 2. Let w(d) = -5*d**2 - 16*d + 4. Let z(u) = -7*v(u) - 4*w(u). Calculate the remainder when p is divided by z(7).
3
Let l(o) = 12*o**2 + 3. Let p = 9 + -6. Let z be l(p). Let s = z + -76. Calculate the remainder when s is divided by 12.
11
Let h = -1 - -19. Let f = 246 + -159. What is the remainder when f is divided by h?
15
Let h(q) = 2*q**2 - 2*q + 1. Let m be h(1). Let g be -3 + 3 + 2/m. Suppose u = -g + 4. What is the remainder when 5 is divided by u?
1
Suppose -20 = -0*n - n + b, 60 = 3*n + 4*b. Let l = 51 + -15. Calculate the remainder when l is divided by n.
16
Suppose 3*z = -0*z + 171. Suppose -5*u + 138 = 5*d + 358, 0 = 2*d - 2*u + 72. Let f = z + d. What is the remainder when 33 is divided by f?
16
Let r = 33 + 14. Let g = 74 - r. Calculate the remainder when g is divided by 15.
12
Let x(w) = -w**3 + 9*w**2 + 2*w - 4. Let l be x(10). Let f = l + 57. Let q = f - -43. Calculate the remainder when 29 is divided by q.
13
Let d = 15 - -23. What is the remainder when d is divided by 24?
14
Let p = 3 + -2. Let l = 9 + p. Suppose 0 = -3*j + j + 38. Calculate the remainder when j is divided by l.
9
Let w(l) be the second derivative of l**4/12 + 2*l**2 - 5*l. What is the remainder when w(6) is divided by 14?
12
Let w(t) = t**2 - 3*t - 35. What is the remainder when w(-17) is divided by 18?
17
Let i be 1 + -2 + 1 + -48. Let b = i - -71. What is the remainder when b is divided by 8?
7
Suppose -5*l + m = -101, 0 = l - 0*l + m - 25. What is the remainder when 6*(1 - (-7 - 2)) is divided by l?
18
Suppose 2*b - 5*j - 30 = 0, -b = -2*b - 4*j + 2. Let f(u) = 3*u - 9. Calculate the remainder when f(b) is divided by 11.
10
Suppose m - 23 = -3*p, -4*p + 43 = -p - 4*m. Calculate the remainder when 71 is divided by p.
8
Let x = -41 - -65. What is the remainder when x is divided by 13?
11
Let q = -16 - -53. What is the remainder when q is divided by 10?
7
Suppose 0 = -2*l + 6*l - 5*h + 8, 5*l - 4*h = -10. Calculate the remainder when l + 3 - -6*2 is divided by 4.
1
Calculate the remainder when -4*5/(-10) + 138 is divided by 18.
14
Let s = 85 - 73. What is the remainder when 28 is divided by s?
4
Let z(x) = x**3 - x**2 - 2*x. Let y be z(2). Suppose -k + 5*v = v + 12, 12 = 4*v. Suppose -f + k*f + 37 = y. What is the remainder when f is divided by 13?
11
Suppose -h + 84 = -4*h. Let z = h + 40. Calculate the remainder when 33 is divided by z.
9
Suppose m - v - 8 = 1, 0 = 4*m - v - 30. What is the remainder when m is divided by 3?
1
Suppose -4*n + 154 = 2. Calculate the remainder when n is divided by 14.
10
Let k = 34 + 116. Suppose -i - 4*m = -45, -6*i + 3*i + 3*m = -k. Calculate the remainder when i is divided by 13.
10
Let j(t) = -t**2 + 7*t - 2. Let h be j(6). Suppose -2*m + h = -4*k, -m - 2 = -0*k - 4*k. Suppose -m*x + 28 = -4*x. What is the remainder when x is divided by 5?
4
Suppose -2*t + 2 = -4, 0 = i - 4*t - 122. Calculate the remainder when i is divided by 34.
32
Suppose 5*p - 103 = 182. Calculate the remainder when 226 is divided by p.
55
Let p = 2 - -2. Suppose 63 - 7 = p*w. Calculate the remainder when 26 is divided by w.
12
Suppose 3*y - 39 = 21. Suppose 5*i - y = i. Suppose 2*r = r + 2, 3*r - 48 = -3*q. What is the remainder when q is divided by i?
4
What is the remainder when (3 - -57)*(-4)/(-3) is divided by 27?
26
Let d = 19 - 7. Calculate the remainder when 45 is divided by d.
9
Suppose 4*u + 108 = -y, 7*y - 3*y + 120 = -4*u. Let g = u - -36. Calculate the remainder when 27 is divided by g.
7
Let b(k) = 2*k**2 - 3*k - 7. Let p be b(-5). Suppose 2*n = -0*n + p. Let s = -16 + n. What is the remainder when 37 is divided by s?
11
Let k be 948/(-14) - (-4)/(-14). Let q be k*1*(1 - 3). Suppose -a = 3*a - q. What is the remainder when a is divided by 12?
10
Let l(k) = 3*k + 3. Suppose -2*o + 68 = 2*o. Calculate the remainder when o is divided by l(2).
8
Let l = 33 + -4. Calculate the remainder when 143 is divided by l.
27
Suppose -6*i + n = -4*i - 32, i - 34 = 5*n. What is the remainder when 67 is divided by i?
11
Let u(i) = 6*i**2 + i. Let m = -13 - -17. Suppose 4*s - m = -z, 5*z = 2*z + 2*s + 26. Calculate the remainder when z is divided by u(-1).
3
Let m be 2/(-1) - (-13 + 3). Suppose -h + m = 3*h. Suppose 3*z + 1 = 4. What is the remainder when h is divided by z?
0
Let c(v) = -v - 9. Let j be c(-10). Calculate the remainder when 56 is divided by (-20)/(-6)*6 - j.
18
Let s be (-131)/(-3) - (-5)/15. Suppose 0 = -3*d - 2 + s. What is the remainder when 26 is divided by d?
12
Let r(x) = x**2 + x - 4. Suppose -v - 2*q + 48 = -3*q, 180 = 4*v + 2*q. What is the remainder when v is divided by r(-5)?
14
Suppose -2*l + 64 = -12. What is the remainder when l is divided by 17?
4
Let b(d) = -5*d - 7. Let z be b(-11). Suppose 0 = -3*j + 6*m - m + z, 0 = 2*j + 5*m - 32. Let i = -24 + 69. What is the remainder when i is divided by j?
13
Let t = -4 - -5. Let m(i) = -2*i + 2 - 3 + 6*i. What is the remainder when 5 is divided by m(t)?
2
Let t be 2/(((-6)/(-4))/3). Suppose -49 = -5*u + 51. Calculate the remainder when u is divided by (1 - t) + 3 + 7.
6
Let a(s) = s**3 + 5*s**2 - 9*s - 3. Let m = -36 + 65. Calculate the remainder when m is divided by a(-6).
14
Suppose -2*f + 4 = 3*j - 6*f, 2*f = j. What is the remainder when 5 is divided by j?
1
Let a(u) = 4*u**2 + 6*u - 7. Let x(o) = o + 22. What is the remainder when a(-5) is divided by x(0)?
19
Let b = 2 + 3. Let o = 13 - b. Calculate the remainder when 86/6 + (-4)/(-6) is divided by o.
7
Let b = -2 + 6. Suppose b = x + 2*y - 21, -4*x = -2*y - 90. What is the remainder when x is divided by 6?
5
Calculate the remainder when 86 is divided by (0 +